3*j - 5*o, 5*j + 9 - 4 = 5*o. Let s be l(j). Let k(r) = -r**3 - 6*r**2 + 9*r + 9. Determine k(s).
-5
Let m(v) = v - 2. Let w(y) = -7*y - 4. Let n(h) = 4*m(h) + w(h). Give n(-8).
12
Let q(l) = -l**3 + 10*l**2 - 2*l + 25. Let o be q(10). Suppose 4*t = 3*c + 13, -2*c - 18 = o*t - 3*t. Let h(m) = m**3 + 7*m**2 + m. Give h(c).
-7
Let y(v) = 7*v - 2. Let f = 14 + -32. Let n be 6/f - 5/3. Calculate y(n).
-16
Let o(h) be the second derivative of -3*h**4/4 + h**3/6 + h**2 + 4*h + 6. Give o(-1).
-8
Let g(u) be the third derivative of -u**4/4 - u**3/6 - 45*u**2 - u. Suppose -4 = -2*b + 4*b. Calculate g(b).
11
Let f(t) be the second derivative of t**3/6 - 5*t**2 - 63*t + 9. Let v be (5/(-15))/(1/(-15)). What is f(v)?
-5
Let o(i) = -i**3 - 6*i**2 + 5*i - 8. Suppose k = 52 - 59. Calculate o(k).
6
Let g(a) = a - 1. Let o(r) = 12. Let p(s) = -g(s) - o(s). Let w be 34/(-187) + 291/(-33). What is p(w)?
-2
Let k = 2 - -9. Let q(h) = -90*h**3 - 12*h - 17*h**3 - 10*h**2 + 6 + 108*h**3. Give q(k).
-5
Let h(k) = -37*k**3 - 3*k**2 - 14*k. Let x(l) = 5*l - 18. Let a be x(7). Let r(g) = 12*g**3 + g**2 + 5*g. Let t(b) = a*r(b) + 6*h(b). Determine t(1).
-18
Let l(o) be the second derivative of -o**7/2520 + o**6/120 - o**5/40 + 5*o**4/12 - 3*o. Let t(n) be the third derivative of l(n). Determine t(4).
5
Let o = 7 + -7. Let r(t) = 6 + t**3 - 2 + o + 0 + 3*t - 5*t**2. Suppose 5*v + 12 = -m, 3*m = -4*v - 3 - 0. Determine r(m).
-5
Let b(m) = m + 0*m**2 - 4 - 2*m - 6*m**2 + 4*m**2 + 5*m. Give b(6).
-52
Let v(x) = 7*x**2 + 3 - 7*x**3 - x**3 + 9*x**3 - 2*x**3 - 10*x. What is v(2)?
3
Let m(i) = 2*i - 20. Suppose -5*l = -105 + 45. Give m(l).
4
Let s(d) = 2*d - 8. Let i be s(5). Let x(u) = u - 2*u**2 - 483 + 483. What is x(i)?
-6
Let q(t) = t + 1. Let y be (34/(-3))/(9/27). Let d = y - -38. Determine q(d).
5
Let u(c) be the third derivative of -c**4/12 - 7*c**3 - 16*c**2. Let n be u(-19). Let g(p) = -p**3 - 5*p**2 - 2*p. Determine g(n).
-8
Let m = 23 - 13. Suppose 7 = d - 2*b, -2*b = -5*d + 2 + 17. Suppose 0*y - y = -d*n + 11, -y + m = 4*n. Let w(u) = -u**3 - 4*u**2 - 2*u + 2. Calculate w(y).
-2
Suppose 0 = -2*i + 42 - 38. Let q(x) = 40*x**i - 2 - 41*x**2 + 0*x - x - 2. What is q(-3)?
-10
Let f(g) = 6 - 11 - g**2 + 11*g - 6 + 1. What is f(9)?
8
Let b = 60 - 31. Suppose p + 0*k + k = 3, 0 = 3*p - k - b. Suppose i - 9 = -p. Let f(t) = -7*t**3 + t**2 - 2*t + 1. Give f(i).
-7
Let a = 1709 - 1690. Let q(b) = -b**2 + 19*b - 1. Give q(a).
-1
Let d(y) be the second derivative of -y**4/6 + 5*y**3/3 - y**2 - 51*y - 2. Give d(7).
-30
Let c(q) be the third derivative of -1/12*q**4 + 0*q + 0 + 1/120*q**6 + 1/20*q**5 - 3*q**2 - 1/6*q**3. Let d(x) = x - 10. Let g be d(7). What is c(g)?
5
Let k(l) be the second derivative of -5*l**4/24 + l**3/2 + 7*l**2/2 + 9*l. Let y(v) be the first derivative of k(v). Determine y(-3).
18
Suppose -3 = -5*u + 22. Let m(n) = 5*n**3 - n**2 + 2*n + 9. Let f = -30 + 31. Let z(v) = v**3 + v**2 + v + 1. Let h(q) = f*m(q) - 4*z(q). Calculate h(u).
-5
Let c(y) = 32*y**2 + 8*y + 3 - 42*y**2 - 5*y + 9*y**2. Suppose 3*a + 15 = 8*a. Calculate c(a).
3
Let q(m) = 3*m - 2. Suppose -5*f + u = 1, -3*u + 6 - 3 = -f. Let z be q(f). Let r(i) = 3*i - 3*i + 4*i - 2. Calculate r(z).
-10
Suppose -3*y - 60 = 2*c - 7*y, -3*c - 3*y - 45 = 0. Let w = -16 - c. Let m(p) = p**2 + 2 - 3*p - w*p + 5*p. Give m(2).
2
Let x(p) be the third derivative of -p**4/12 - 3*p**3 + 275*p**2. What is x(-6)?
-6
Let m(t) = 7*t**2 + 12*t**2 + t**3 - 4 + 1 - 18*t**2. What is m(0)?
-3
Suppose -4*v - 2*b - 4 = 0, 0*b + b = -3*v - 5. Let q(l) = -16*l**2 + 32*l**2 + 0*l - 9*l**2 + 4 - 8*l**2 - l. What is q(v)?
-2
Let q(v) = v**2 - 8*v + 5. Let l(b) = -b**3 - 2*b**2 + 7*b + 8. Let a be l(-4). Suppose 0 = -2*y - 0*y + a. Determine q(y).
-7
Let h(y) = 2*y**2 + 2 + 6*y - 2*y + 2*y. Suppose 5*m + 35 = -5*s, 5*m = 17*s - 18*s - 19. Give h(s).
10
Let f be ((-10)/(-2) + 2)/1. Let s(n) = 2*n**2 + 6*n - 3. Let w(q) = -5*q**2 - 12*q + 5. Let r(k) = -7*s(k) - 3*w(k). Determine r(f).
13
Let y(z) be the third derivative of z**7/5040 + z**6/180 + 11*z**5/30 - 8*z**2. Let a(o) be the third derivative of y(o). What is a(-3)?
1
Let r(d) = -d**3 - 4*d**2 - 3*d - 4. Let l(a) = -2*a**3 - 9*a**2 - 7*a - 9. Let n(q) = -2*l(q) + 5*r(q). Let k = -29 + 26. Determine n(k).
10
Let o(u) = u**2 - 2*u**2 + 596*u - 595*u + 3*u**3 - 2*u**3. Suppose -3*b + 1 = -2*b. Determine o(b).
1
Let a be (-2 - -1)*(-3 - -5). Let p(j) = -89*j - 88*j + 175*j. Calculate p(a).
4
Let d(t) = 7*t - 22. Let j(g) = -11*g + 34. Let o(a) = 8*d(a) + 5*j(a). Calculate o(10).
4
Let w be 1 - -5*(-8)/20. Let j = w - -3. Let i(t) = -2*t**j + 10*t - t**3 - 4*t + 7*t**2 - 5. Calculate i(6).
-5
Suppose -5*f + 14 = 3*w, 2*f = 724*w - 728*w. Let d(n) be the third derivative of n**4/8 + n**3/3 + n**2. Determine d(w).
-4
Let d = 9 + 28. Let k(u) = 17*u - d*u + 18*u. What is k(-1)?
2
Let q(x) = x**2 + 6*x + 1. Let l be q(-6). Let t(h) = 127 + 124 - 3*h - 251 - 8*h**3 + 2*h. Give t(l).
-9
Let p = 23 - 0. Let w = p - 21. Let o(d) = d**2 - d - 4. Let z be o(w). Let t(x) = 3*x + 3. Give t(z).
-3
Suppose 4*g + 16 = 0, -3*v - 1 = -0*v + g. Let q(s) be the first derivative of -14*s**3/3 + s**2 - s + 1. Determine q(v).
-13
Let x(w) = 3*w + 7. Let o(r) = -r**2 - 12*r - 6. Let y be o(-10). Let b = y + -11. Suppose b*p + 5 = 2*p. Determine x(p).
-8
Suppose -9*a - 4 = -10*a. Suppose -3*n + 2*n = -v + 9, 5*v - a*n = 40. Let s(y) = 2*y**2 - 6*y + 3. Determine s(v).
11
Let x(l) = 3*l + 3. Let b(p) = p**3 - 6*p**2 - 7*p - 4. Let k be b(7). Give x(k).
-9
Let n be (-3)/(-10) + (-7)/15 - -1. Let a(i) be the second derivative of -7/12*i**4 + 0 - 4*i + 1/2*i**2 - n*i**3 - 1/20*i**5. What is a(-6)?
-5
Let n be (-2)/4 - 268/(-8). Let y = n + -28. Let h(u) = -2*u - 3*u + 6*u - y + 8. Calculate h(-2).
1
Suppose 4 + 16 = -2*f. Let m = -10 - f. Let s(c) = c**2 - 11. What is s(m)?
-11
Let s = -4 + 5. Let b = s - 1. Let l(x) = 2*x**3 - x**3 - 3 + b + 2. Determine l(0).
-1
Let p(x) = -18*x**3 - 11*x**2 + 10*x**2 + 17*x**3 + 14*x**2 - 1. Determine p(13).
-1
Let o(d) = 2*d**2 - 6*d - 3. Let m be 3*-2 + -10 + 21. What is o(m)?
17
Let a(k) = k**3 - 6*k**2 + 2*k - 2. Suppose 4*f - 5 + 1 = 0, -5*p = 2*f - 112. Let q = p + -16. Determine a(q).
10
Let h = -30 + 32. Let w(g) = -g**2 + 2. Calculate w(h).
-2
Let a(l) = 7*l + 1. Let j(k) = -111*k - 15. Let y(g) = -33*a(g) - 2*j(g). What is y(-2)?
15
Let v(u) = -u**3 - 4*u**2 + 2*u + 1. Let g(c) = -3*c - 48. Let y be g(-15). Determine v(y).
-14
Let p(f) be the first derivative of -f**3/3 + 3*f**2 - f + 1. Let l(x) = x - 1. Let d(t) = 4*l(t) - p(t). Determine d(5).
12
Let g(f) = -5*f + 8. Let o be (-2340)/(-351) + (-1)/(-3). Determine g(o).
-27
Let u(j) = -7*j**2 + j - 2. Let d(p) = 3*p**2 + 1. Let a(k) = k**3 - 9*k**2 + 8*k + 4. Let l be a(8). Let z(w) = l*u(w) + 9*d(w). Calculate z(5).
-4
Let b(d) = -3*d**3 + 2*d**2 + 3*d - 3. Suppose -2*o - 5*h = -h + 46, 4*h = 2*o + 46. Let a = o + 25. Determine b(a).
-13
Let o(g) be the second derivative of -g**5/20 - 5*g**4/12 + 2*g**3/3 - 3*g**2 - 5*g. Let f = -5 + 9. Suppose f*x = -x - 30. What is o(x)?
6
Let q be 9/2*(-5 - -7). Let t = -13 + q. Let o be (t/(-10))/(10/25). Let f(a) = 8*a**3 + a - 1. Give f(o).
8
Let z(x) be the third derivative of -x**5/30 + x**4/12 + x**3/3 + 438*x**2. Determine z(-1).
-2
Suppose 17 = -o + 25. Let r(z) = -z**2 + 6*z + 14. Determine r(o).
-2
Let b(p) = -8*p + 11. Let u(l) = l - 2. Let c(a) = -3*b(a) - 21*u(a). Calculate c(-3).
0
Let u(w) = w**3 - 8*w**2 + 3*w - 5. Let y(j) = -j. Let c(a) = a**2 - 6*a - 3. Let k be c(5). Let q be y(k). Determine u(q).
19
Let p(u) = -4*u**2 - 2*u - 1. Let o = 43 + -33. Suppose -7*z + o*z = -3. What is p(z)?
-3
Let l(n) = n**2 - 7*n. Let m = 166 - 160. Determine l(m).
-6
Let l(v) be the third derivative of v**5/12 + v**3/6 + 22*v**2 - 7. Calculate l(-1).
6
Suppose -104 = -4*u - 4. Let c(r) = 4 - 2*r**2 - 3 - 25*r + u*r. Let q = 8 - 6. Calculate c(q).
-7
Let b be (-278)/1807 - (0 - 212/26). Let s(m) = 5*m - 33. Give s(b).
7
Let l = -331 + 331. Let a be (-110)/(-20) + 1/(-2). Let c(t) = -4*t. Let r(i) = 5*i. Let o(b) = a*r(b) + 6*c(b). What is o(l)?
0
Let y(k) = 2 + 6*k**2 - k**2 + k**3 - 6*k - 4. Let t be (6/(-4))/(33/1364). Let a = t + 56. Give y(a).
-2
Let c(t) = 2*t**